alse
Does 13 divide 16873181?
True
Is 1674351 a multiple of 4?
False
Is 349952970 a multiple of 1624?
False
Is 1736280844 a multiple of 1604?
False
Is 1265 a factor of 5965740?
True
Does 70 divide 13778520?
True
Does 211 divide 44072414?
True
Does 477 divide 22132217?
False
Is 108 a factor of 25627542?
False
Does 5 divide 8346217?
False
Does 7715 divide 1496696657?
False
Is 1807535520 a multiple of 17?
False
Is 13 a factor of 1668082?
True
Is 1335217387 a multiple of 23?
False
Does 728 divide 4062968?
True
Does 37 divide 672298183?
False
Is 41 a factor of 659008615?
False
Is 12773330 a multiple of 528?
False
Is 1530472524 a multiple of 64?
False
Does 11 divide 661281499?
False
Is 77313606 a multiple of 458?
True
Does 12 divide 40585728?
True
Is 24 a factor of 133767048?
True
Is 24 a factor of 4179143?
False
Is 1113794376 a multiple of 4?
True
Does 3 divide 110727949?
False
Does 24 divide 44822208?
True
Does 5 divide 17024011?
False
Is 6910188 a multiple of 87?
False
Does 365 divide 6062650?
True
Does 11 divide 393055091?
True
Does 1928 divide 415379093?
False
Is 31019344 a multiple of 496?
True
Is 32 a factor of 14211169?
False
Is 2243292912 a multiple of 784?
True
Is 151968022 a multiple of 9?
False
Is 75777581 a multiple of 1694?
False
Is 1204 a factor of 1086119972?
True
Does 62 divide 2503238491?
False
Is 73 a factor of 1943734281?
True
Is 221 a factor of 491379577?
True
Does 230 divide 1499134710?
True
Is 36 a factor of 2911644?
True
Is 528884722 a multiple of 17?
True
Does 6 divide 17177019?
False
Does 7 divide 956620735?
True
Is 3349 a factor of 99687430?
False
Is 43 a factor of 65524260?
True
Does 17 divide 20802713?
True
Is 261924138 a multiple of 4?
False
Does 5705 divide 34423970?
True
Does 2990 divide 1359577507?
False
Does 1165 divide 329434040?
True
Is 197129674 a multiple of 1138?
False
Is 143247979 a multiple of 7?
True
Is 26799668 a multiple of 510?
False
Is 3495807 a multiple of 147?
True
Does 140 divide 35595280?
True
Does 31 divide 224239381?
False
Is 114 a factor of 885017682?
True
Does 10 divide 88845800?
True
Is 82224832 a multiple of 610?
False
Is 53605440 a multiple of 630?
True
Is 294 a factor of 1253789290?
False
Is 96534595 a multiple of 10?
False
Is 139147503 a multiple of 33?
True
Does 312 divide 67044829?
False
Is 13 a factor of 298712439?
False
Is 137 a factor of 845704425?
True
Is 257295732 a multiple of 4?
True
Is 26 a factor of 170717037?
False
Is 25 a factor of 410601675?
True
Is 37 a factor of 2616484420?
False
Is 21070015 a multiple of 29?
False
Does 17 divide 21350878?
True
Is 60844723 a multiple of 51?
False
Is 357943222 a multiple of 91?
True
Is 502 a factor of 87682054?
False
Does 5298 divide 1335133334?
False
Is 300584130 a multiple of 735?
True
Is 684 a factor of 24908544?
True
Does 115 divide 220097619?
False
Is 51280992 a multiple of 3138?
False
Is 2103722145 a multiple of 105?
True
Is 6731 a factor of 3694100689?
True
Is 221 a factor of 52140309?
True
Is 29 a factor of 39932609?
False
Does 19 divide 156503?
True
Does 864 divide 1227201083?
False
Does 2101 divide 1548911826?
True
Does 3 divide 570110643?
True
Is 268 a factor of 3933704?
True
Does 3 divide 70795599?
True
Is 21 a factor of 4552779?
True
Is 817 a factor of 1034569?
False
Is 13 a factor of 68415503?
True
Does 4678 divide 79939215?
False
Is 68 a factor of 43838648?
True
Is 449 a factor of 4076805954?
True
Does 52 divide 35784112?
True
Is 29 a factor of 2507051363?
True
Is 914 a factor of 31806286?
True
Is 561 a factor of 94256976?
True
Is 38417534 a multiple of 451?
False
Is 302 a factor of 1226127852?
True
Does 21 divide 16634100?
True
Does 164 divide 67703792?
True
Is 47 a factor of 54364806?
True
Does 1666 divide 133456596?
True
Is 174809223 a multiple of 207?
True
Is 643168240 a multiple of 242?
True
Is 11888682 a multiple of 48?
False
Is 15385877 a multiple of 7?
False
Does 2521 divide 2034168836?
False
Is 540850880 a multiple of 3820?
True
Does 186 divide 27873774?
True
Is 181768930 a multiple of 245?
True
Does 1459 divide 42073183?
True
Does 176 divide 107394498?
False
Is 15 a factor of 26147685?
True
Is 42 a factor of 18624086?
False
Does 1719 divide 39218985?
True
Does 46 divide 125442798?
False
Is 89 a factor of 124336202?
False
Does 406 divide 386005992?
False
Is 77 a factor of 21963326?
True
Is 1958942 a multiple of 2?
True
Is 430617514 a multiple of 97?
False
Is 31 a factor of 24846097?
True
Is 178 a factor of 21305387?
False
Does 217 divide 210246309?
True
Is 4480097456 a multiple of 393?
False
Is 29 a factor of 101357349?
True
Is 6026090 a multiple of 35?
True
Does 14 divide 1087041973?
False
Is 42 a factor of 33283185?
False
Is 1237 a factor of 434357706?
True
Is 69986128 a multiple of 447?
False
Is 6 a factor of 2470253?
False
Does 1171 divide 23592137?
True
Is 5082 a factor of 80963974?
False
Is 360432272 a multiple of 743?
True
Does 17 divide 5367155?
True
Is 8 a factor of 45606016?
True
Does 322 divide 69862240?
False
Is 88 a factor of 1702233896?
True
Does 30 divide 3582742?
False
Is 2412 a factor of 78231939?
False
Is 414804 a multiple of 52?
True
Does 2339 divide 873214000?
False
Is 3147223194 a multiple of 1062?
True
Is 192 a factor of 1190722929?
False
Is 1115 a factor of 8350235?
True
Is 422 a factor of 941548902?
False
Does 16 divide 46198132?
False
Is 37 a factor of 1256927?
True
Does 959 divide 133546504?
True
Is 39938040 a multiple of 6?
True
Does 61 divide 187748102?
False
Is 29 a factor of 35033885?
True
Is 6 a factor of 1947930?
True
Does 412 divide 2917155288?
True
Is 4 a factor of 3270492?
True
Is 2 a factor of 13367724?
True
Is 982222226 a multiple of 892?
False
Is 3281984039 a multiple of 97?
True
Is 3534031035 a multiple of 12993?
True
Is 567841662 a multiple of 327?
False
Does 47 divide 438029238?
False
Is 8 a factor of 108446009?
False
Is 45270311 a multiple of 5?
False
Is 3 a factor of 503637?
True
Is 1126309 a multiple of 300?
False
Is 892 a factor of 2773260186?
False
Does 179 divide 304489763?
False
Is 254 a factor of 76854050?
True
Does 10 divide 447039090?
True
Is 2396866230 a multiple of 110?
True
Is 144 a factor of 1155304643?
False
Is 3 a factor of 5221458?
True
Is 51816841 a multiple of 10?
False
Is 42545607 a multiple of 69?
True
Does 43 divide 28453831?
True
Is 38945664 a multiple of 11?
False
Is 186897240 a multiple of 108?
True
Is 939362035 a multiple of 343?
False
Is 2869741 a multiple of 26?
False
Does 1231 divide 3567777756?
True
Is 2389 a factor of 2073652?
True
Is 13 a factor of 27300430?
False
Is 755886898 a multiple of 871?
True
Does 41 divide 718795644?
False
Is 185 a factor of 1987198558?
False
Is 861 a factor of 555574026?
True
Does 10 divide 343779600?
True
Is 121 a factor of 113857384?
False
Is 4031976 a multiple of 3?
True
Does 35 divide 105730205?
True
Is 148511035 a multiple of 123?
False
Is 58155262 a multiple of 47?
True
Is 85 a factor of 11184215?
True
Does 16 divide 11615708?
False
Does 139 divide 993155?
True
Is 3 a factor of 2501131?
False
Is 179 a factor of 1406319830?
False
Does 4307 divide 365892571?
True
Is 14210504 a multiple of 28?
True
Is 1470 a factor of 879451800?
False
Is 225139329 a multiple of 13?
False
Is 11759635 a multiple of 54?
False
Does 713 divide 89318223?
True
Does 534 divide 504145128?
True
Is 626009280 a multiple of 206?
True
Is 4 a factor of 12513524?
True
Does 63 divide 2095554258?
True
Is 75 a factor of 54585150?
True
Does 838 divide 784213354?
False
Is 11 a factor of 8067246?
True
Is 5492772106 a multiple of 1327?
False
Is 21583362 a multiple of 92?
False
Does 188 divide 15646143?
False
Is 35124111 a multiple of 11?
True
Is 19 a factor of 52368009?
True
Is 8 a factor of 979293142?
False
Does 31 divide 32888644?
True
Is 2859 a factor of 615960114?
True
Does 1161 divide 39109748?
False
Does 1129 divide 194823059?
False
Is 185758140 a multiple of 10?
True
Does 93 divide 423320?
False
Is 11 a factor of 13988964?
True
Is 570458535 a multiple of 23?
True
Does 21 divide 243096504?
True
Does 13 divide 337111437?
True
Is 251 a factor of 101731555?
True
Is 495 a factor of 9950010?
False
Does 13 divide 37260630?
False
Is 372633120 a multiple of 720?
True
Is 3 a factor of 231417801?
True
Is 11 a factor of 253311441?
False
Is 859344383 a multip